{"id":13,"date":"2010-11-21T19:09:00","date_gmt":"2010-11-21T19:09:00","guid":{"rendered":"http:\/\/www.werkrealschule-unterer-neckar.de\/?page_id=13"},"modified":"2026-03-06T10:14:01","modified_gmt":"2026-03-06T08:14:01","slug":"kollegium","status":"publish","type":"page","link":"https:\/\/www.werkrealschule-unterer-neckar.de\/?page_id=13","title":{"rendered":"Kollegium"},"content":{"rendered":"<h2>Klassenlehrer\/-innen:<\/h2>\n<p>Hilal G\u00fcl (Klasse 5a)<br \/>\nTatjana Mast (Klasse 6a)<br \/>\nWiebke Weniger (Klasse 6b)<br \/>\nJochen Hirneth (Klasse 7a)<br \/>\nKathrin Posdziech (Klasse 7b)<br \/>\nBettina Bechtel (Klasse 8a)<br \/>\nTheresa Richter (8b)<br \/>\nAysun \u015eenel (Klasse 9a)<br \/>\nMichael Staudt (Klasse 9b)<br \/>\nBj\u00f6rn Lawrenz (Klasse 10a)<br \/>\nMarvin Hauk (Klasse 10b)<br \/>\nBj\u00f6rn Jurk (VKL 1)<br \/>\nVolker Schaffner (VKL 2)<\/p>\n<h2>Fachlehrer\/-innen:<\/h2>\n<p>Andreas Bauer<br \/>\nVerena Baumann<br \/>\nGabriele Bergland<br \/>\nMariam Diawara<br \/>\nIna Lang<br \/>\nAndreas Lima<br \/>\nMark Morich<br \/>\nKonstanze Nicklas<br \/>\nVera Nikendei-Modrow<br \/>\nDana Rapp<br \/>\nDr. Petra Scheltwort<br \/>\nNatalie Urhahn<\/p>\n<h2>Sonderp\u00e4dagoginnen:<\/h2>\n<p>Silke Hall<br \/>\nAnne Plass-Niemi<br \/>\nAnna Zillessen<\/p>\n<h2>Referendar\/-innen:<\/h2>\n<p>Wiebke Heuser<br \/>\nJulian H\u00f6rner<\/p>\n<h2>P\u00e4dagogische Assistentin<\/h2>\n<p>Dagmar Neu, Diplom-Sozialp\u00e4dagogin FH<br \/>\nFrau Neu unterst\u00fctzt die Sch\u00fclerinnen und Sch\u00fcler beim individuellen Lernen.<\/p>\n","protected":false},"excerpt":{"rendered":"<p>Klassenlehrer\/-innen: Hilal G\u00fcl (Klasse 5a) Tatjana Mast (Klasse 6a) Wiebke Weniger (Klasse 6b) Jochen Hirneth (Klasse 7a) Kathrin Posdziech (Klasse 7b) Bettina Bechtel (Klasse 8a) Theresa Richter (8b) Aysun \u015eenel (Klasse 9a) Michael Staudt (Klasse 9b) Bj\u00f6rn Lawrenz (Klasse 10a) Marvin Hauk (Klasse 10b) Bj\u00f6rn Jurk (VKL 1) Volker Schaffner (VKL 2) Fachlehrer\/-innen: Andreas Bauer [&hellip;]<\/p>\n","protected":false},"author":4,"featured_media":0,"parent":10,"menu_order":20,"comment_status":"closed","ping_status":"closed","template":"","meta":{"footnotes":""},"class_list":["post-13","page","type-page","status-publish","hentry"],"_links":{"self":[{"href":"https:\/\/www.werkrealschule-unterer-neckar.de\/index.php?rest_route=\/wp\/v2\/pages\/13","targetHints":{"allow":["GET"]}}],"collection":[{"href":"https:\/\/www.werkrealschule-unterer-neckar.de\/index.php?rest_route=\/wp\/v2\/pages"}],"about":[{"href":"https:\/\/www.werkrealschule-unterer-neckar.de\/index.php?rest_route=\/wp\/v2\/types\/page"}],"author":[{"embeddable":true,"href":"https:\/\/www.werkrealschule-unterer-neckar.de\/index.php?rest_route=\/wp\/v2\/users\/4"}],"replies":[{"embeddable":true,"href":"https:\/\/www.werkrealschule-unterer-neckar.de\/index.php?rest_route=%2Fwp%2Fv2%2Fcomments&post=13"}],"version-history":[{"count":0,"href":"https:\/\/www.werkrealschule-unterer-neckar.de\/index.php?rest_route=\/wp\/v2\/pages\/13\/revisions"}],"up":[{"embeddable":true,"href":"https:\/\/www.werkrealschule-unterer-neckar.de\/index.php?rest_route=\/wp\/v2\/pages\/10"}],"wp:attachment":[{"href":"https:\/\/www.werkrealschule-unterer-neckar.de\/index.php?rest_route=%2Fwp%2Fv2%2Fmedia&parent=13"}],"curies":[{"name":"wp","href":"https:\/\/api.w.org\/{rel}","templated":true}]}}