{"id":14,"date":"2010-11-21T19:13:53","date_gmt":"2010-11-21T19:13:53","guid":{"rendered":"http:\/\/www.werkrealschule-unterer-neckar.de\/?page_id=14"},"modified":"2022-07-04T10:16:16","modified_gmt":"2022-07-04T08:16:16","slug":"schulsozialarbeit","status":"publish","type":"page","link":"https:\/\/www.werkrealschule-unterer-neckar.de\/?page_id=14","title":{"rendered":"Schulsozialarbeit"},"content":{"rendered":"<p><img loading=\"lazy\" decoding=\"async\" class=\"alignright wp-image-6435 size-medium\" src=\"http:\/\/www.werkrealschule-unterer-neckar.de\/wp-content\/uploads\/2022\/07\/Annika-Grefe-scaled-e1656922499206-300x225.jpg\" alt=\"\" width=\"300\" height=\"225\" srcset=\"https:\/\/www.werkrealschule-unterer-neckar.de\/wp-content\/uploads\/2022\/07\/Annika-Grefe-scaled-e1656922499206-300x225.jpg 300w, https:\/\/www.werkrealschule-unterer-neckar.de\/wp-content\/uploads\/2022\/07\/Annika-Grefe-scaled-e1656922499206-400x300.jpg 400w, https:\/\/www.werkrealschule-unterer-neckar.de\/wp-content\/uploads\/2022\/07\/Annika-Grefe-scaled-e1656922499206-768x576.jpg 768w, https:\/\/www.werkrealschule-unterer-neckar.de\/wp-content\/uploads\/2022\/07\/Annika-Grefe-scaled-e1656922499206-1536x1153.jpg 1536w, https:\/\/www.werkrealschule-unterer-neckar.de\/wp-content\/uploads\/2022\/07\/Annika-Grefe-scaled-e1656922499206.jpg 1568w\" sizes=\"auto, (max-width: 300px) 100vw, 300px\" \/>Annika Grefe ist unsere Schulsozialarbeiterin. Schulsozialarbeit ist Teil des Schullebens und findet vertraulich statt.<\/p>\n<p>Offene Sprechzeiten:<br \/>\nMontag, Dienstag, Donnerstag und Freitag zwischen 9.30 und 14.30 Uhr, Mittwoch zwischen 11.15 und 15.00 Uhr im B\u00fcro im 1.OG (weitere Termine, sowie Nachmittags nach Absprache)<\/p>\n<p>B\u00fcro: 06203 703722<br \/>\nMobil: 0176 12013780<br \/>\nE-Mail: <a href=\"mailto:annika.grefe@postillion.org\">annika.grefe@postillion.org<\/a><\/p>\n<p><em>\u201eHallo, ich hei\u00dfe Annika Grefe und bin seit Juni 2020 \u00fcber den Postillion e.V. als Schulsozialarbeiterin an der Werkrealschule t\u00e4tig. Als Diplom-und Traumap\u00e4dagogin (DeGPT) kann ich auf unterschiedliche Erfahrungen in der Kinder-und Jugendhilfe zur\u00fcckgreifen. Ich glaube, dass jedes Verhalten seinen guten Grund hat und die Herausforderungen des Lebens am besten gemeinsam gemeistert werden k\u00f6nnen.\u201c<\/em><\/p>\n<p><strong>Wenn du als Sch\u00fclerin oder Sch\u00fcler&#8230;<br \/>\n<\/strong><\/p>\n<ul>\n<li>Stress mit einem Lehrer oder in der Klasse hast<\/li>\n<li>Dir Sorgen um jemanden machst oder Probleme zu Hause hast<\/li>\n<li>unter Mobbing leidest<\/li>\n<li>Zukunftsfragen oder Zukunfts\u00e4ngste hast<\/li>\n<li>jemanden zum Reden brauchst, weil du nicht mehr weiter wei\u00dft<\/li>\n<li>etwas ins Positive ver\u00e4ndern m\u00f6chtest<\/li>\n<\/ul>\n<p><strong>&#8230; kannst du mich jederzeit ansprechen oder mit mir einen Termin vereinbaren und ich versuche, dir weiterzuhelfen. Ein Gespr\u00e4ch mit mir ist freiwillig und unterliegt der Schweigepflicht.<\/strong><\/p>\n<p>Zu meinen regelm\u00e4\u00dfigen Aufgaben hier an der Schule geh\u00f6ren:<\/p>\n<ul>\n<li>Beratung und Einzelfallhilfe<\/li>\n<li>Streitschlichtung<\/li>\n<li>Soziales Lernen \/ Sozialp\u00e4dagogische Gruppenarbeit<\/li>\n<li>Projektarbeit<\/li>\n<li>F\u00f6rderung der Klassengemeinschaft<\/li>\n<li>Elterngespr\u00e4che<\/li>\n<\/ul>\n<p>Die Schulsozialarbeit kooperiert mit dem Jugendzentrum \u201edie Kiste\u201c und vermittelt Sch\u00fcler\/-innen und Eltern an Einrichtungen der Jugendhilfe sowie an Beratungsstellen weiter.<\/p>\n","protected":false},"excerpt":{"rendered":"<p>Annika Grefe ist unsere Schulsozialarbeiterin. Schulsozialarbeit ist Teil des Schullebens und findet vertraulich statt. Offene Sprechzeiten: Montag, Dienstag, Donnerstag und Freitag zwischen 9.30 und 14.30 Uhr, Mittwoch zwischen 11.15 und 15.00 Uhr im B\u00fcro im 1.OG (weitere Termine, sowie Nachmittags nach Absprache) B\u00fcro: 06203 703722 Mobil: 0176 12013780 E-Mail: annika.grefe@postillion.org \u201eHallo, ich hei\u00dfe Annika Grefe [&hellip;]<\/p>\n","protected":false},"author":4,"featured_media":0,"parent":10,"menu_order":30,"comment_status":"closed","ping_status":"closed","template":"","meta":{"footnotes":""},"class_list":["post-14","page","type-page","status-publish","hentry"],"_links":{"self":[{"href":"https:\/\/www.werkrealschule-unterer-neckar.de\/index.php?rest_route=\/wp\/v2\/pages\/14","targetHints":{"allow":["GET"]}}],"collection":[{"href":"https:\/\/www.werkrealschule-unterer-neckar.de\/index.php?rest_route=\/wp\/v2\/pages"}],"about":[{"href":"https:\/\/www.werkrealschule-unterer-neckar.de\/index.php?rest_route=\/wp\/v2\/types\/page"}],"author":[{"embeddable":true,"href":"https:\/\/www.werkrealschule-unterer-neckar.de\/index.php?rest_route=\/wp\/v2\/users\/4"}],"replies":[{"embeddable":true,"href":"https:\/\/www.werkrealschule-unterer-neckar.de\/index.php?rest_route=%2Fwp%2Fv2%2Fcomments&post=14"}],"version-history":[{"count":0,"href":"https:\/\/www.werkrealschule-unterer-neckar.de\/index.php?rest_route=\/wp\/v2\/pages\/14\/revisions"}],"up":[{"embeddable":true,"href":"https:\/\/www.werkrealschule-unterer-neckar.de\/index.php?rest_route=\/wp\/v2\/pages\/10"}],"wp:attachment":[{"href":"https:\/\/www.werkrealschule-unterer-neckar.de\/index.php?rest_route=%2Fwp%2Fv2%2Fmedia&parent=14"}],"curies":[{"name":"wp","href":"https:\/\/api.w.org\/{rel}","templated":true}]}}