{"id":25,"date":"2010-11-22T08:52:28","date_gmt":"2010-11-22T08:52:28","guid":{"rendered":"http:\/\/www.werkrealschule-unterer-neckar.de\/?page_id=25"},"modified":"2025-09-15T10:09:54","modified_gmt":"2025-09-15T08:09:54","slug":"prufungen","status":"publish","type":"page","link":"https:\/\/www.werkrealschule-unterer-neckar.de\/?page_id=25","title":{"rendered":"Pr\u00fcfungstermine"},"content":{"rendered":"<p><strong>Hauptschule und Werkrealschule<br \/>\nPr\u00fcfungstermine f\u00fcr das Schuljahr 2025\/2026<\/strong><\/p>\n<p><strong>Hauptschulabschlusspr\u00fcfung und Hauptschulabschlusspr\u00fcfung f\u00fcr Schulfremde<\/strong><\/p>\n<p><strong>Schriftliche Pr\u00fcfungen<\/strong><\/p>\n<table border=\"1\" width=\"627\" cellspacing=\"0\" cellpadding=\"0\">\n<tbody>\n<tr>\n<td valign=\"top\" width=\"218\"><strong>Fach<\/strong><\/td>\n<td valign=\"top\" width=\"206\"><strong>Haupttermin<\/strong><\/td>\n<td valign=\"top\" width=\"195\"><strong>Nachtermin<\/strong><\/td>\n<\/tr>\n<tr>\n<td valign=\"top\" width=\"218\">Deutsch<\/td>\n<td valign=\"top\" width=\"206\">08. Mai 2026<\/td>\n<td valign=\"top\" width=\"195\">16. Juni 2026<\/td>\n<\/tr>\n<tr>\n<td valign=\"top\" width=\"218\">Mathematik<\/td>\n<td valign=\"top\" width=\"206\">12. Mai 2026<\/td>\n<td valign=\"top\" width=\"195\">17. Juni 2026<\/td>\n<\/tr>\n<tr>\n<td valign=\"top\" width=\"218\">Englisch<\/td>\n<td valign=\"top\" width=\"206\">19. Mai 2026<\/td>\n<td valign=\"top\" width=\"195\">18. Juni 2026<\/td>\n<\/tr>\n<\/tbody>\n<\/table>\n<p><strong>M\u00fcndliche Pr\u00fcfung<\/strong><\/p>\n<p>Pr\u00fcfungszeitraum f\u00fcr die m\u00fcndliche Pr\u00fcfung: 06. Juli bis 10. Juli 2026<\/p>\n<p><strong>Werkrealschulabschlusspr\u00fcfung und Werkrealschulabschlusspr\u00fcfung f\u00fcr Schulfremde<\/strong><\/p>\n<p><strong>Schriftliche Pr\u00fcfungen<\/strong><\/p>\n<table border=\"1\" width=\"627\" cellspacing=\"0\" cellpadding=\"0\">\n<tbody>\n<tr>\n<td valign=\"top\" width=\"218\"><strong>Fach<\/strong><\/td>\n<td valign=\"top\" width=\"206\"><strong>Haupttermin<\/strong><\/td>\n<td valign=\"top\" width=\"195\"><strong>Nachtermin<\/strong><\/td>\n<\/tr>\n<tr>\n<td valign=\"top\" width=\"218\">Deutsch<\/td>\n<td valign=\"top\" width=\"206\">08. Mai 2026<\/td>\n<td valign=\"top\" width=\"195\">16. Juni 2026<\/td>\n<\/tr>\n<tr>\n<td valign=\"top\" width=\"218\">Mathematik<\/td>\n<td valign=\"top\" width=\"206\">12. Mai 2026<\/td>\n<td valign=\"top\" width=\"195\">17. Juni 2026<\/td>\n<\/tr>\n<tr>\n<td valign=\"top\" width=\"218\">Englisch<\/td>\n<td valign=\"top\" width=\"206\">19. Mai 2026<\/td>\n<td valign=\"top\" width=\"195\">18. Juni 2026<\/td>\n<\/tr>\n<tr>\n<td valign=\"top\" width=\"218\">Wahlpflichtfach<\/td>\n<td valign=\"top\" width=\"206\">21. Mai 2026<\/td>\n<td valign=\"top\" width=\"195\">19. Juni 2026<\/td>\n<\/tr>\n<\/tbody>\n<\/table>\n<p><strong>M\u00fcndliche Pr\u00fcfung<\/strong><\/p>\n<p>Pr\u00fcfungszeitraum f\u00fcr die m\u00fcndliche Pr\u00fcfung: 06. Juli bis 10. Juli 2026<\/p>\n","protected":false},"excerpt":{"rendered":"<p>Hauptschule und Werkrealschule Pr\u00fcfungstermine f\u00fcr das Schuljahr 2025\/2026 Hauptschulabschlusspr\u00fcfung und Hauptschulabschlusspr\u00fcfung f\u00fcr Schulfremde Schriftliche Pr\u00fcfungen Fach Haupttermin Nachtermin Deutsch 08. Mai 2026 16. Juni 2026 Mathematik 12. Mai 2026 17. Juni 2026 Englisch 19. Mai 2026 18. Juni 2026 M\u00fcndliche Pr\u00fcfung Pr\u00fcfungszeitraum f\u00fcr die m\u00fcndliche Pr\u00fcfung: 06. Juli bis 10. Juli 2026 Werkrealschulabschlusspr\u00fcfung und Werkrealschulabschlusspr\u00fcfung [&hellip;]<\/p>\n","protected":false},"author":4,"featured_media":0,"parent":1765,"menu_order":70,"comment_status":"closed","ping_status":"closed","template":"","meta":{"footnotes":""},"class_list":["post-25","page","type-page","status-publish","hentry"],"_links":{"self":[{"href":"https:\/\/www.werkrealschule-unterer-neckar.de\/index.php?rest_route=\/wp\/v2\/pages\/25","targetHints":{"allow":["GET"]}}],"collection":[{"href":"https:\/\/www.werkrealschule-unterer-neckar.de\/index.php?rest_route=\/wp\/v2\/pages"}],"about":[{"href":"https:\/\/www.werkrealschule-unterer-neckar.de\/index.php?rest_route=\/wp\/v2\/types\/page"}],"author":[{"embeddable":true,"href":"https:\/\/www.werkrealschule-unterer-neckar.de\/index.php?rest_route=\/wp\/v2\/users\/4"}],"replies":[{"embeddable":true,"href":"https:\/\/www.werkrealschule-unterer-neckar.de\/index.php?rest_route=%2Fwp%2Fv2%2Fcomments&post=25"}],"version-history":[{"count":0,"href":"https:\/\/www.werkrealschule-unterer-neckar.de\/index.php?rest_route=\/wp\/v2\/pages\/25\/revisions"}],"up":[{"embeddable":true,"href":"https:\/\/www.werkrealschule-unterer-neckar.de\/index.php?rest_route=\/wp\/v2\/pages\/1765"}],"wp:attachment":[{"href":"https:\/\/www.werkrealschule-unterer-neckar.de\/index.php?rest_route=%2Fwp%2Fv2%2Fmedia&parent=25"}],"curies":[{"name":"wp","href":"https:\/\/api.w.org\/{rel}","templated":true}]}}