{"id":504,"date":"2013-07-17T07:24:21","date_gmt":"2013-07-17T07:24:21","guid":{"rendered":"http:\/\/www.werkrealschule-unterer-neckar.de\/?page_id=504"},"modified":"2020-03-12T13:41:15","modified_gmt":"2020-03-12T11:41:15","slug":"schulordnung","status":"publish","type":"page","link":"https:\/\/www.werkrealschule-unterer-neckar.de\/?page_id=504","title":{"rendered":"Schulordnung"},"content":{"rendered":"<p><a href=\"http:\/\/www.werkrealschule-unterer-neckar.de\/wp-content\/uploads\/2013\/10\/IMG_8195.jpg\"><img loading=\"lazy\" decoding=\"async\" class=\"alignleft wp-image-894 size-thumbnail\" src=\"http:\/\/www.werkrealschule-unterer-neckar.de\/wp-content\/uploads\/2013\/10\/IMG_8195-150x150.jpg\" alt=\"IMG_8195\" width=\"150\" height=\"150\" \/><\/a><strong>Die Erstellung\u00a0der Schul- und Hausordnung erfolgte in Form eines Schulprojektes.<\/strong><br \/>\nAn der Erarbeitung der\u00a0Regeln,\u00a0konnten alle am Schulleben Beteiligten mitwirken und sich einbringen . Die\u00a0<a href=\"http:\/\/www.werkrealschule-unterer-neckar.de\/wp-content\/uploads\/2020\/03\/Schulregeln-der-WRS.pdf\" target=\"_blank\" rel=\"noopener noreferrer\">Schulregeln<\/a> wurde\u00a0im Juli 2010, mit Zustimmung aller Gremien, von der Schulkonferenz verabschiedet. Dar\u00fcber hinaus gibt es an der Werkrealschule Unterer Neckar f\u00fcr alle Sch\u00fcler\/-innen besondere Regeln f\u00fcr den <a href=\"http:\/\/www.werkrealschule-unterer-neckar.de\/wp-content\/uploads\/2020\/03\/Regeln-Sportunterricht.pdf\" target=\"_blank\" rel=\"noopener noreferrer\">Sportunterricht<\/a>.<\/p>\n","protected":false},"excerpt":{"rendered":"<p>Die Erstellung\u00a0der Schul- und Hausordnung erfolgte in Form eines Schulprojektes. An der Erarbeitung der\u00a0Regeln,\u00a0konnten alle am Schulleben Beteiligten mitwirken und sich einbringen . Die\u00a0Schulregeln wurde\u00a0im Juli 2010, mit Zustimmung aller Gremien, von der Schulkonferenz verabschiedet. Dar\u00fcber hinaus gibt es an der Werkrealschule Unterer Neckar f\u00fcr alle Sch\u00fcler\/-innen besondere Regeln f\u00fcr den Sportunterricht.<\/p>\n","protected":false},"author":4,"featured_media":0,"parent":1765,"menu_order":60,"comment_status":"closed","ping_status":"closed","template":"","meta":{"footnotes":""},"class_list":["post-504","page","type-page","status-publish","hentry"],"_links":{"self":[{"href":"https:\/\/www.werkrealschule-unterer-neckar.de\/index.php?rest_route=\/wp\/v2\/pages\/504","targetHints":{"allow":["GET"]}}],"collection":[{"href":"https:\/\/www.werkrealschule-unterer-neckar.de\/index.php?rest_route=\/wp\/v2\/pages"}],"about":[{"href":"https:\/\/www.werkrealschule-unterer-neckar.de\/index.php?rest_route=\/wp\/v2\/types\/page"}],"author":[{"embeddable":true,"href":"https:\/\/www.werkrealschule-unterer-neckar.de\/index.php?rest_route=\/wp\/v2\/users\/4"}],"replies":[{"embeddable":true,"href":"https:\/\/www.werkrealschule-unterer-neckar.de\/index.php?rest_route=%2Fwp%2Fv2%2Fcomments&post=504"}],"version-history":[{"count":0,"href":"https:\/\/www.werkrealschule-unterer-neckar.de\/index.php?rest_route=\/wp\/v2\/pages\/504\/revisions"}],"up":[{"embeddable":true,"href":"https:\/\/www.werkrealschule-unterer-neckar.de\/index.php?rest_route=\/wp\/v2\/pages\/1765"}],"wp:attachment":[{"href":"https:\/\/www.werkrealschule-unterer-neckar.de\/index.php?rest_route=%2Fwp%2Fv2%2Fmedia&parent=504"}],"curies":[{"name":"wp","href":"https:\/\/api.w.org\/{rel}","templated":true}]}}