{"id":60,"date":"2010-11-15T12:09:28","date_gmt":"2010-11-15T12:09:28","guid":{"rendered":"http:\/\/www.werkrealschule-unterer-neckar.de\/?page_id=60"},"modified":"2022-10-19T10:03:33","modified_gmt":"2022-10-19T08:03:33","slug":"kontakt","status":"publish","type":"page","link":"https:\/\/www.werkrealschule-unterer-neckar.de\/?page_id=60","title":{"rendered":"Kontakt herstellen"},"content":{"rendered":"<h2>Werkrealschule Unterer Neckar<\/h2>\n<p>Heidelberger Str. 18<br \/>\n68526 Ladenburg<\/p>\n<p>Telefon: 06203 70-470<br \/>\nTelefax: 06203 70-475<\/p>\n<p>E-Mail: <a href=\"mailto:mail@wrs-unterer-neckar.schule.bwl.de\">mail@wrs-unterer-neckar.schule.bwl.de<\/a><\/p>\n<p>\u00d6ffnungszeiten des Sekretariats (Zimmer: 103):<br \/>\nMontag \u2013 Freitag: 8.30 \u2013 11.30 Uhr<\/p>\n<p>Sie k\u00f6nnen uns jederzeit eine Nachricht zukommen lassen oder einen Termin mit unserer Schulleitung oder\u00a0einer Lehrkraft\u00a0vereinbaren.\u00a0Schriftliche Nachrichten k\u00f6nnen au\u00dferhalb der \u00d6ffnungszeiten des Sekretariats in den Briefkasten neben dem Sekretariat eingeworfen werden.<\/p>\n<h2>Krankmeldungen:<\/h2>\n<p>Sollte Ihr Kind krank sein, teilen Sie uns dies bitte am selben Tag telefonisch bis 7.45 Uhr\u00a0mit. Sobald Ihr Kind\u00a0\u00a0wieder zur Schule kommt, muss der\u00a0Klassenleitung\u00a0\u00a0eine schriftliche Entschuldigung vorgelegt werden.<\/p>\n<p>Bei unentschuldigt fehlenden Sch\u00fclerinnen und Sch\u00fclern sind wir bestrebt, die Eltern zu\u00a0benachrichtigen.<\/p>\n","protected":false},"excerpt":{"rendered":"<p>Werkrealschule Unterer Neckar Heidelberger Str. 18 68526 Ladenburg Telefon: 06203 70-470 Telefax: 06203 70-475 E-Mail: mail@wrs-unterer-neckar.schule.bwl.de \u00d6ffnungszeiten des Sekretariats (Zimmer: 103): Montag \u2013 Freitag: 8.30 \u2013 11.30 Uhr Sie k\u00f6nnen uns jederzeit eine Nachricht zukommen lassen oder einen Termin mit unserer Schulleitung oder\u00a0einer Lehrkraft\u00a0vereinbaren.\u00a0Schriftliche Nachrichten k\u00f6nnen au\u00dferhalb der \u00d6ffnungszeiten des Sekretariats in den Briefkasten neben [&hellip;]<\/p>\n","protected":false},"author":4,"featured_media":0,"parent":0,"menu_order":60,"comment_status":"open","ping_status":"closed","template":"","meta":{"footnotes":""},"class_list":["post-60","page","type-page","status-publish","hentry"],"_links":{"self":[{"href":"https:\/\/www.werkrealschule-unterer-neckar.de\/index.php?rest_route=\/wp\/v2\/pages\/60","targetHints":{"allow":["GET"]}}],"collection":[{"href":"https:\/\/www.werkrealschule-unterer-neckar.de\/index.php?rest_route=\/wp\/v2\/pages"}],"about":[{"href":"https:\/\/www.werkrealschule-unterer-neckar.de\/index.php?rest_route=\/wp\/v2\/types\/page"}],"author":[{"embeddable":true,"href":"https:\/\/www.werkrealschule-unterer-neckar.de\/index.php?rest_route=\/wp\/v2\/users\/4"}],"replies":[{"embeddable":true,"href":"https:\/\/www.werkrealschule-unterer-neckar.de\/index.php?rest_route=%2Fwp%2Fv2%2Fcomments&post=60"}],"version-history":[{"count":0,"href":"https:\/\/www.werkrealschule-unterer-neckar.de\/index.php?rest_route=\/wp\/v2\/pages\/60\/revisions"}],"wp:attachment":[{"href":"https:\/\/www.werkrealschule-unterer-neckar.de\/index.php?rest_route=%2Fwp%2Fv2%2Fmedia&parent=60"}],"curies":[{"name":"wp","href":"https:\/\/api.w.org\/{rel}","templated":true}]}}